2, 59
Let t be (-3 - -450)/(-3) - 0. Let q = 229 + t. What are the prime factors of q?
2, 5
Suppose j = -j + 92. Let c = j + 25. Let i = 102 - c. What are the prime factors of i?
31
Suppose -4*i + 5 = -n - 7, 0 = -2*i + 6. Suppose -2*q + 8 = -n*q. Suppose 23 + 169 = q*l. What are the prime factors of l?
2, 3
Let h(g) = -3*g**3 - 14*g**2 - 15*g - 6. List the prime factors of h(-10).
2, 109
Let l(q) = q**3 - 14*q**2 - 15*q - 2. Let j be l(15). Let b(a) = 3*a**2 - 6*a - 3. List the prime factors of b(j).
3, 7
Let t be 4/(-1) - (-3 + 0). Let j be 28/(-6) + 1/(-3). List the prime factors of t/(j/6)*5.
2, 3
Suppose 2*h + b + 5 + 1 = 0, -2*h + b = 10. Let t(f) = f**2 + 5 + 7*f**2 - 7*f**2 + 4*f. List the prime factors of t(h).
5
Let u = 4 - 4. Suppose 5*b + 5 = -u*b. What are the prime factors of (68/(-12))/(b/3)?
17
Let c(y) = -y**3 - 2*y**2 + y + 5. Suppose 4*b + 8 - 70 = 2*o, 4*b = 5*o + 59. Suppose s = -5*v - b, -s = 3*v + 1 + 7. What are the prime factors of c(v)?
3, 11
Let t = 246 + -27. Let x = t - 118. What are the prime factors of x?
101
Suppose 0 = q + 107 - 91. Let d = 146 - 224. Let f = q - d. What are the prime factors of f?
2, 31
Let s = -45 + 29. Let l(d) = 2*d**2 + 32*d + 13. List the prime factors of l(s).
13
Let m = 31 - 28. Suppose -345 = -3*a + m*b, 0*a + 4*a + 3*b - 467 = 0. Suppose -4*i = -0*i - a. List the prime factors of i.
29
Let d = 844 + -342. What are the prime factors of d?
2, 251
Suppose 0 = -a + 2*b + 2341, -a + 8*b - 3*b = -2329. List the prime factors of a.
3, 29
Let i(j) = j**3 + 8*j**2 - 19*j + 12. Let h be i(-10). Suppose p + h*f + 36 = 3*p, -100 = -5*p - 5*f. List the prime factors of p.
19
Suppose -2*d = 5*y - 3726, 4*d - d - 3724 = -5*y. What are the prime factors of y?
2, 373
Suppose -6*s + 771 = -4*s - 5*i, -i = 2*s - 801. Let g = -242 + s. List the prime factors of g.
2, 3, 13
Let g be 117/(-6)*(-4)/(-3). Let c be 28/(-8)*(-8)/14*-2. List the prime factors of (g/c)/(1/2).
13
Suppose 40*i - 36*i - 2*f - 746 = 0, -i + 199 = 2*f. List the prime factors of i.
3, 7
Let y be 0 - 1 - (7 + -9). What are the prime factors of 3 + -23*(-2 + y)?
2, 13
Let s be 1/(-1) - 1 - -4. What are the prime factors of (s - 14/6)*-231?
7, 11
Let a(j) be the third derivative of j**5/60 + j**4/6 - 4*j**3/3 - 14*j**2. What are the prime factors of a(-11)?
3, 23
Let d(s) = s**2 + 10*s - 21. Let f be d(-12). Suppose 0 = 2*h - f*h + 92. Suppose -h = -12*a + 8*a. What are the prime factors of a?
23
Suppose -2*w - 352 = -7*w - c, -4*w = -3*c - 274. Suppose 0 = -3*o + 8*o - w. List the prime factors of o.
2, 7
Let m = -4463 - -6483. What are the prime factors of m?
2, 5, 101
Let b(j) = -j + j**3 - 25 + 5*j + 11*j**2 + 8. List the prime factors of b(-10).
43
What are the prime factors of 5234/10 + (-69)/(-115)?
2, 131
Suppose -4*g + 2*m - 11 = m, 0 = -4*g + 3*m - 17. What are the prime factors of (g - -61) + (-10 - -11)?
2, 3, 5
Let n be ((-5)/(-1))/(0 - (-10)/4). Suppose -d + p = 6*p - 17, n*p + 46 = 2*d. List the prime factors of d.
2, 11
Let l(c) = 2*c**3 + 24*c**2 - 14*c. Let k = 42 + -54. What are the prime factors of l(k)?
2, 3, 7
Let v = -204 + 526. What are the prime factors of v?
2, 7, 23
Suppose -394*r + 390*r + 4*h + 7152 = 0, 5*h = 3*r - 5362. What are the prime factors of r?
1789
Let q = -59 + 158. What are the prime factors of (-7)/((-2)/(-11) + (-51)/q)?
3, 7
Suppose -3*w = -218 - 712. List the prime factors of w.
2, 5, 31
Suppose 7502 - 1982 = 4*o. List the prime factors of o.
2, 3, 5, 23
Suppose -35*t + 71290 - 2200 = 0. What are the prime factors of t?
2, 3, 7, 47
Let v be (-1 + -2 - 41) + -1. What are the prime factors of -3*3*290/v?
2, 29
Suppose 2*t - d = 116, -2*d - 10 = 3*d. Suppose w + 4*m = t, 3*m - 312 = -5*w + 7. List the prime factors of w.
5, 13
Suppose -3*m + o + 374 = 0, -5*m + 4*o - 185 = -799. What are the prime factors of m?
2, 3, 7
Let y = -6 + 6. Suppose y = x - 25 - 22. What are the prime factors of x?
47
Let j(w) = 125*w**2 - 3*w + 13. What are the prime factors of j(2)?
3, 13
Let s be (-2)/(2/(-1 + 29)*-4). Suppose s*t = 15*t - 1120. What are the prime factors of t?
2, 5, 7
Let i = 119 + 221. Suppose 2*h + 2*h = i. List the prime factors of h.
5, 17
Suppose 5563 - 1405 = 3*k + 3*g, -k = 4*g - 1389. Suppose 0 = 4*v - 9*v + k. What are the prime factors of v?
277
Let b(j) be the third derivative of j**4/24 + 10*j**3/3 - 2*j**2. Suppose -90 - 36 = 9*w. List the prime factors of b(w).
2, 3
Suppose 3*p = 420 + 153. What are the prime factors of p?
191
Let m(z) = 148*z**2 - 5*z + 3. Let j(p) = p**2 - 2*p - 2. Let s be j(3). What are the prime factors of m(s)?
2, 73
Let k be (60/10 - (3 + -1)) + -1. Suppose 183 = k*m + 3*t, 4*m = t - 2*t + 232. List the prime factors of m.
3, 19
Let o(r) = 63*r + 20. What are the prime factors of o(8)?
2, 131
List the prime factors of (2 + 0)*1662*28/48.
7, 277
What are the prime factors of -5 + (30/(-3) - -2318)?
7, 47
Let r(z) = -15*z - 2. Let u(o) = o**2 - 2*o + 3. Let v be u(2). Let w be 4/1 - (v + 2). What are the prime factors of r(w)?
13
Let o = -4 - -8. Let s be (o/(-14))/(1/(-7)). Suppose 6 = s*q, 0 = -z - 3*z - q + 91. List the prime factors of z.
2, 11
Let g(s) be the second derivative of -s**3/6 + 5*s**2/2 + 8*s. Let o be g(5). Suppose o = -5*j + j + 5*f + 141, 5*f = 3*j - 107. List the prime factors of j.
2, 17
Let f = -32 - -32. Let x = 35 + f. Let n = -27 + x. List the prime factors of n.
2
List the prime factors of (2297974/(-42))/(-19) - 2/3.
2879
Let m be 6/(-27) - (-120)/54. Let t = -7 + 14. Let x = t - m. What are the prime factors of x?
5
Let i be ((-32)/6 + 6)/(1/186). Suppose i = 4*v - 336. What are the prime factors of v?
5, 23
Let t(r) = 2*r**2 + 31*r - 19. Suppose 18*z + 314 = 8. List the prime factors of t(z).
2
Let y(d) = d**3 - 8*d + 2. Let h be y(3). Suppose -h*i = -223 + 18. What are the prime factors of i?
41
Suppose -6*k + k = -235. Suppose -w + 19 = 3*m, m - 4*m = 2*w - k. Suppose 3*q - 42 = x - 5*x, -2*q + w = 2*x. What are the prime factors of q?
2, 7
Suppose 5*h + 2602 = n + 6447, -3*h - 2*n + 2294 = 0. What are the prime factors of h?
2, 3
Suppose 22 + 48 = -5*i. Let j = i + 190. List the prime factors of j/6 + (-10)/(-15).
2, 3, 5
Suppose -x + 180 = 8*x. Let k = -15 + x. What are the prime factors of k?
5
Let s(x) = x**2 + 9*x. Let a be s(-10). Suppose q - 6*u + 2*u + 13 = 0, 0 = -2*q + 2*u - 2. Let w = a + q. What are the prime factors of w?
13
Let o = -234 + 4697. List the prime factors of o.
4463
What are the prime factors of ((-800)/120)/(1/(-393))?
2, 5, 131
What are the prime factors of ((-4)/(-14) - 371688/(-336))*2?
2213
Let h(s) = s**2 + 4*s. Let p be h(-5). Suppose 2*r - 258 = -82. Suppose t = p*t - 4*o - r, 0 = -2*t - o + 32. List the prime factors of t.
2, 3
Suppose -2*g - 12 = -5*g. Suppose 0 = -4*o - 3*s + 25 - 2, g*s = 4. Suppose 2*q - 15 = -5*z, o*q - 4*z + 3*z = 78. What are the prime factors of q?
3, 5
Suppose 2*c = 4*y + 9214 - 530, -3*c = 4*y - 13006. What are the prime factors of c?
2, 3, 241
Suppose -l - l + 90 = 5*t, -2*t = 5*l - 57. Suppose 0 = -t*k + 12*k + 140. List the prime factors of k.
5, 7
Suppose c + 3*c = 0. Let h(v) = v**3 + 2. Let r be h(c). Suppose 0 = -r*t - 0*t + 104. What are the prime factors of t?
2, 13
Let s = -22 - -13. Let u = -9 - s. Suppose p - 3*t + 6 = -u, 2*p = -3*t + 24. What are the prime factors of p?
2, 3
Let r = 22 - 16. Suppose r*w - 626 = -188. List the prime factors of w.
73
Suppose 4*s + f = 4360, 4*s - 4352 = 27*f - 26*f. What are the prime factors of s?
3, 11
Let p(z) = 517*z + 1628. What are the prime factors of p(8)?
2, 11, 131
Suppose -6*k + 575 = 3*u - k, 4*k - 941 = -5*u. List the prime factors of u.
5, 37
Let i be ((-42)/(-18))/(1/(-6)). What are the prime factors of (-30)/105 - 228/i?
2
List the prime factors of (98/4)/((-8)/(-176)).
7, 11
Suppose 37 = 4*c + 21. Suppose c*s - 170 = -n, -15 - 521 = -3*n + s. What are the prime factors of n?
2, 89
What are the prime factors of 285 + -3 + 0 + (3 - 4)?
281
Let g(r) be the third derivative of 3*r**5/20 - r**4/24 + r**3/6 + 2*r**2. Let u = -88 - -86. What are the prime factors of g(u)?
3, 13
List the prime factors of (-4)/(-3) - (2013/(-9) - -10).
5, 43
Let x(h) = 3*h + 7. Let b(l) be the second derivative of 2*l**3/3 + 4*l*